2?
-45321738
In base 16, what is -7 - cb7506?
-cb750d
In base 11, what is 0 - 2680490?
-2680490
In base 6, what is -12354004 - 1441?
-12355445
In base 16, what is -c915ea8 - -4?
-c915ea4
In base 2, what is -11 - -101010110101001101011111100?
101010110101001101011111001
In base 3, what is -110202001220 - 201?
-110202002121
In base 9, what is -4 - 8576056?
-8576061
In base 4, what is 210011212120 - 1?
210011212113
In base 16, what is 789 + a25?
11ae
In base 13, what is 92 + 15848?
1590a
In base 6, what is 104 + -400121345?
-400121241
In base 10, what is -638059 - 1074?
-639133
In base 13, what is 21c0 - -575a?
794a
In base 4, what is 0 - 30122211132?
-30122211132
In base 10, what is -732 + 188172?
187440
In base 2, what is -11010010001000000110001 - -101?
-11010010001000000101100
In base 16, what is 27 - -edb0?
edd7
In base 9, what is 4066 + -4425?
-348
In base 16, what is 442668e - 9?
4426685
In base 14, what is 5 - -71c61?
71c66
In base 16, what is -6 + -62a2b?
-62a31
In base 11, what is -179a77 + 39?
-179a39
In base 15, what is -5510 + 45e?
-50a1
In base 9, what is 18427027 + 8?
18427036
In base 2, what is 100 - -111000011110011001010101?
111000011110011001011001
In base 9, what is 476837 - 1810?
475027
In base 8, what is -116334276 + 3?
-116334273
In base 16, what is 267 + -ce5?
-a7e
In base 5, what is 244320 + 12410011?
13204331
In base 13, what is -386 - -2ba67?
2b6b1
In base 3, what is 11110100000 + 111121012?
11221221012
In base 14, what is 32b7 + 1dcd?
52a6
In base 4, what is 32011001123023 - -1?
32011001123030
In base 16, what is 176529 + 5?
17652e
In base 5, what is 430 - -10002?
10432
In base 2, what is 10110011 - 100001101010010011?
-100001100111100000
In base 8, what is 6216 + -47353?
-41135
In base 4, what is 11 - -100312201130021?
100312201130032
In base 9, what is -123 + 557775?
557652
In base 2, what is -1100010001001 + -1101010010010?
-11001100011011
In base 8, what is -15203037 - 13?
-15203052
In base 10, what is 190256 + -3900?
186356
In base 10, what is -1402363 + -20?
-1402383
In base 9, what is -84 + 5837520?
5837425
In base 9, what is 15 + -376818?
-376803
In base 14, what is 1da - 16b17?
-1691b
In base 13, what is 3632a + 46?
36373
In base 4, what is -203333302 - -1010313?
-202322323
In base 3, what is -12012100010020200 - -10?
-12012100010020120
In base 7, what is 12 + 4604106?
4604121
In base 5, what is -41 + -1123221131?
-1123221222
In base 12, what is -163 - -21b0a?
21967
In base 16, what is 6a7 - -15f?
806
In base 3, what is -10200010222111 - -1010?
-10200010221101
In base 13, what is b54a + aa?
b627
In base 14, what is -1c14 - -3a0?
-1854
In base 12, what is -19398 - -738?
-18860
In base 11, what is 169113997 - 5?
169113992
In base 3, what is -211011012102201 + 12?
-211011012102112
In base 4, what is 1103 + -2011233210?
-2011232101
In base 8, what is 71 - -7047743?
7050034
In base 8, what is -31764416 + 55?
-31764341
In base 4, what is -1 - 12232313103331?
-12232313103332
In base 5, what is 1231210 + 212221?
1443431
In base 10, what is -13 - -518573?
518560
In base 9, what is 4033 - -2153?
6186
In base 4, what is -1103012 + -33210020?
-100313032
In base 7, what is -4 + 11325606?
11325602
In base 5, what is 101323 - 11001113?
-10344240
In base 14, what is -602 + -6a71?
-7273
In base 6, what is 52204044 - -14?
52204102
In base 5, what is 0 + 1133321432?
1133321432
In base 9, what is 107415705 + 3?
107415708
In base 16, what is -330e - -85e?
-2ab0
In base 9, what is 174875 - 1?
174874
In base 6, what is 1205133435 - -5?
1205133444
In base 7, what is 132 + 161345463?
161345625
In base 8, what is -11202430 - 4?
-11202434
In base 3, what is 11120101222111201 - 12?
11120101222111112
In base 10, what is -291759 - 136?
-291895
In base 2, what is 0 - 110100011111111000101000?
-110100011111111000101000
In base 3, what is 101201112200102101 - 12?
101201112200102012
In base 7, what is 26 - -151145?
151204
In base 10, what is 72134 - -59?
72193
In base 13, what is -3 + a8047?
a8044
In base 5, what is 3122401104 - -10?
3122401114
In base 10, what is -119 - 119875?
-119994
In base 2, what is 1111101101010101100111 - 1?
1111101101010101100110
In base 14, what is 18452 - 34?
1841c
In base 4, what is -230221 - 322221?
-1213102
In base 2, what is -10001 - 100001110100100010?
-100001110100110011
In base 13, what is 1731a126 + 2?
1731a128
In base 12, what is 4bb88 + -23?
4bb65
In base 5, what is 3 - 311230011130?
-311230011122
In base 2, what is 100110101 - 1011001000011011?
-1011000011100110
In base 9, what is 76 - -18708551?
18708637
In base 11, what is -41250045 - 4?
-41250049
In base 15, what is 9 + 82d96e?
82d978
In base 11, what is 11701 - 52a8?
7404
In base 2, what is -110111001101100000010010110 - -100?
-110111001101100000010010010
In base 9, what is 2 - -773867324?
773867326
In base 6, what is 224 + -3512454?
-3512230
In base 7, what is -124403151 - -1?
-124403150
In base 13, what is -4 - -119791?
11978a
In base 12, what is 58 + -371b61?
-371b05
In base 5, what is -12 + 1143334404?
1143334342
In base 4, what is 10 - -10103230332210?
10103230332220
In base 10, what is -92 + 425752?
425660
In base 11, what is -a0 - -2407758?
2407668
In base 15, what is -ec3e071 - -3?
-ec3e06d
In base 14, what is 1724358 - 34?
1724324
In base 3, what is -121 - 10121111220?
-10121112111
In base 13, what is 12a544 - -30?
12a574
In base 10, what is 6 - -1896742?
1896748
In base 5, what is 124124130 - 1124?
124123001
In base 10, what is 167 - -946155?
946322
In base 3, what is 11 + 1021222112021002?
1021222112021020
In base 11, what is 796733 - 11?
796722
In base 15, what is -20 + -1ac2b?
-1ac4b
In base 14, what is 8b4 - 1d6?
6bc
In base 15, what is -3 - 305858?
-30585b
In base 8, what is 245365310 + -3?
245365305
In base 6, what is -220153415 + 1?
-220153414
In base 9, what is 22602818 - 2?
22602816
In base 9, what is -53447463 - -5?
-53447457
In base 10, what is 34 - 70329?
-70295
In base 15, what is -641e8 - 79?
-64272
In base 16, what is 1 - 35c71c?
-35c71b
In base 16, what is 23 - 47676d?
-47674a
In base 6, what is -35033 + -505243?
-544320
In base 2, what is 10001111101001 - -100010010000?
10110001111001
In base 12, what is -2 + a1338838?
a1338836
In base 8, what is 1355472245 - 3?
1355472242
In base 2, what is 1 + -1110001010000011011010?
-1110001010000011011001
In base 6, what is -11241251 + 2?
-11241245
In base 12, what is 9aa624 - -172?
9aa796
In base 2, what is 1011100001010 - 110101?
1011011010101
In base 9, what is -2658101 - 13?
-2658114
In base 16, what is 37467 + 1d?
37484
In base 14, what is -6250c0 + 1?
-6250bd
In base 10, what is 242938 + -11?
242927
In base 12, what is 99945 - 357?
995aa
In base 4, what is 102 + 1102303133?
1102303301
In base 7, what is -5 - -53404110?
53404102
In base 8, what is 46537 + -1040?
45477
In base 2, what is -11100010111011110010110 + -11?
-11100010111011110011001
In base 4, what is 22121031222 + -10?
22121031212
In base 9, what is -105350 + -313?
-105663
In base 6, what is -10121231 + -1023?
-10122254
In base 8, what is 656464 - -6401?
665065
In base 9, what is -201038 + 327?
-200611
In base 14, what is 3 - 187c29?
-187c26
In base 10, what is 128 - -8476?
8604
In base 11, what is 4 + -18229540?
-18229537
In base 14, what is -5d2 - 207d83?
-208575
In base 16, what is -6403d03 + -1?
-6403d04
In base 3, what is 1110111010022202 - 1?
1110111010022201
In base 14, what is -4ac92 + -10?
-4aca2
In base 3, what is -221221201022 + -122?
-221221201221
In base 11, what is -364 - -15113a?
150886
In base 5, what is 22002 + -1240233?
-1213231
In base 11, what is 1 - 4724651?
-4724650
In base 14, what is 1b5698d - 6?
1b56987
In base 5, what is 2334414 - 44?
2334320
In base 5, what is -134120 + -14243?
-203413
In base 10, what is -4 + -969906?
-969910
In base 16, what is -ba - -1b808?
1b74e
In base 16, what is 16ae054 - -2?
16ae056
In base 4, what is -221 + -10032303?
-10033130
In base 6, what is -3 - -143520344?
143520341
In base 6, what is -131141154 - -351?
-131140403
In base 15, what is 10 - -5b155b?
5b156b
In base 2, what is -1001110111110001101011 - 1001000?
-1001110111110010110011
In base 10, what is 2499 - 733?
1766
In base 6, what is -12 - 103305034?
-103305050
In base 6, what is -3414202 + -25151?
-34433